se 15.
-b0b4c
What is -8837e (base 15) in base 16?
-69a9a
-5afe (base 16) to base 6
-255502
What is 29555a (base 12) in base 9?
1266537
-1105056 (base 7) to base 16
-21414
187281 (base 10) to base 5
21443111
Convert 413271 (base 9) to base 15.
4c99a
Convert 32403414 (base 6) to base 2.
11101011100110100010
5cba87 (base 16) to base 2
10111001011101010000111
Convert -a5d (base 14) to base 13.
-c12
What is 7153336 (base 8) in base 4?
13031123132
What is 4334304421 (base 5) in base 15?
c37e5b
What is 2210022211202 (base 3) in base 16?
169faf
1505a0 (base 13) to base 10
515073
4a602 (base 13) to base 16
2180e
Convert 16812 (base 11) to base 8.
56070
1870639 (base 13) to base 16
7a0abe
Convert -10103303312 (base 4) to base 9.
-2111612
Convert 212220002121 (base 3) to base 10.
470275
66874 (base 9) to base 16
ada7
-100101100110000100 (base 2) to base 5
-14411423
a2b94d (base 16) to base 10
10664269
What is 3022121201 (base 4) in base 3?
1120010012122
Convert -b5853 (base 13) to base 15.
-66b6b
21001120011 (base 3) to base 7
1116004
2730201 (base 8) to base 14
15d281
What is -12020011012 (base 3) in base 11?
-70348
What is -11010000111110100 (base 2) in base 14?
-2adc8
What is b75c7 (base 16) in base 10?
751047
-120120210222 (base 3) to base 6
-10324125
What is -104324011 (base 5) in base 4?
-1301112000
What is -1c46c8 (base 13) in base 4?
-2300300113
What is -231254223 (base 7) in base 6?
-1223334350
What is 333742 (base 11) in base 3?
1000000201022
Convert -21434334 (base 5) to base 15.
-3a564
1928b (base 12) to base 2
1000111101001011
What is 54399 (base 11) in base 5?
10012000
21223 (base 6) to base 13
1419
What is 7893b (base 13) in base 16?
357c2
11110011000100010010011 (base 2) to base 5
4014333234
What is -171c96 (base 15) in base 3?
-2002220022020
Convert -10000000111001010001 (base 2) to base 14.
-da58d
-4074227 (base 8) to base 3
-2000211201112
-213050 (base 6) to base 4
-10101312
-8d8543 (base 14) to base 16
-499f9f
What is 399146 (base 13) in base 16?
153950
What is 4266e (base 15) in base 16?
33710
4771450 (base 8) to base 3
2110102110102
Convert 1162038 (base 9) to base 12.
265445
Convert -5a432a (base 16) to base 5.
-3003243214
What is -1040676 (base 9) in base 8?
-2102240
What is 164538 (base 10) in base 13?
59b7a
What is -201222112 (base 3) in base 6?
-151235
Convert 2095583 (base 11) to base 4.
32002333002
What is -354327 (base 10) in base 5?
-42314302
What is -319b93 (base 16) in base 9?
-6104583
Convert 204360 (base 7) to base 5.
2111200
What is -a1666 (base 16) in base 6?
-22100342
Convert -123031631 (base 7) to base 15.
-a3804b
-55210235 (base 6) to base 9
-3084215
30112332110 (base 4) to base 11
1913149
What is -1214e2 (base 15) in base 2?
-11010011001101011000
Convert -233101203 (base 5) to base 14.
-1da5ab
What is -67dd (base 14) in base 10?
-18031
What is 40554 (base 13) in base 3?
12211222010
Convert 15c6a72 (base 14) to base 11.
6047771
What is -4a39d5 (base 16) in base 10?
-4864469
Convert 26511 (base 14) to base 3.
11210100021
Convert -145512 (base 9) to base 16.
-15d0a
42a05 (base 11) to base 3
10011122122
What is -23670 (base 8) in base 5?
-311133
What is 434433303 (base 5) in base 11?
1070131
What is 1104403013 (base 5) in base 4?
21032212331
-102033343 (base 5) to base 4
-1213210133
Convert -3a6058 (base 11) to base 13.
-1942b1
Convert 61775 (base 10) to base 4.
33011033
Convert 2206325 (base 11) to base 2.
1110110001101101000000
What is 2243253 (base 6) in base 7?
655461
What is -1323122101 (base 4) in base 8?
-1733221
Convert -33213232 (base 4) to base 16.
-f9ee
What is 100000001110001011 (base 2) in base 11?
90181
-635e (base 15) to base 11
-14874
41989 (base 11) to base 9
102707
-1110121002121 (base 3) to base 14
-164055
What is -19097 (base 15) in base 6?
-1423354
Convert -2605ab4 (base 14) to base 11.
-a3704aa
What is -54310220 (base 8) in base 4?
-230121002100
What is -4b0972 (base 12) in base 7?
-13260602
Convert -330013052 (base 6) to base 11.
-335722a
Convert 260a3 (base 13) to base 6.
1302033
Convert 103980d (base 14) to base 6.
432230101
What is -1690128 (base 10) in base 8?
-6345020
Convert -11100001001111000000 (base 2) to base 9.
-1655456
Convert -556c98 (base 16) to base 5.
-2413121420
1227458 (base 10) to base 12
4b2402
Convert 52101214 (base 8) to base 9.
22701710
What is 3313431021 (base 5) in base 14?
d49373
What is 66803 (base 15) in base 12?
138663
Convert -9bd7e (base 15) to base 16.
-790b2
What is -1bc0b (base 14) in base 8?
-212463
What is -70355504 (base 8) in base 4?
-320131231010
What is 12331044 (base 5) in base 15?
25bb9
-a6cc (base 13) to base 16
-5a70
What is 11220110101112 (base 3) in base 6?
131514152
-32121514 (base 6) to base 2
-11100110011100010110
Convert 5506675 (base 8) to base 3.
2210002112121
What is -1000441211 (base 5) in base 15?
-28d306
55519 (base 12) to base 16
1b9a5
Convert 203043213 (base 5) to base 12.
340b2a
Convert -4a47a6 (base 11) to base 3.
-1111111010212
105137 (base 10) to base 7
615344
5046416 (base 7) to base 16
92834
Convert 212110212 (base 3) to base 9.
25425
Convert -2b09e (base 15) to base 2.
-100001110100011100
Convert 21113613 (base 7) to base 10.
1785276
What is 1557373 (base 8) in base 2?
1101101111011111011
What is -39681d (base 15) in base 13?
-75648a
Convert -10cbd82 (base 15) to base 12.
-4046735
What is -20112110002 (base 3) in base 13?
-46718
Convert 12000211031 (base 4) to base 6.
53432445
987a9 (base 14) to base 10
369217
3112330120 (base 4) to base 16
d6f18
Convert -389ed (base 16) to base 10.
-231917
Convert 2816126 (base 9) to base 14.
2c3750
Convert 4404852 (base 10) to base 6.
234224500
What is 19ac (base 13) in base 3?
12021222
What is 12231111311 (base 4) in base 7?
20643026
What is -10231230321 (base 4) in base 6?
-42253053
Convert 1267276 (base 8) to base 7.
3011663
Convert 3234140 (base 9) to base 7.
20514465
Convert 2020110210 (base 3) to base 7.
242346
12672 (base 13) to base 5
2042222
-19895 (base 16) to base 11
-71649
Convert -110110001100011111 (base 2) to base 11.
-141863
What is 180c7 (base 13) in base 9?
70454
What is 9087546 (base 10) in base 12?
3062bb6
What is 13b04 (base 13) in base 10?
37015
What is -414545252 (base 6) in base 14?
-d62d20
What is 10010100101111001100 (base 2) in base 3?
1010221201000
What is 10110110100010111110 (base 2) in base 6?
24005342
What is -ab757 (base 12) in base 4?
-313201303
What is -2520205 (base 6) in base 8?
-407315
Convert 1789633 (base 14) to base 8.
54266035
What is 2451326 (base 7) in base 11?
1a5771
1179b2 (base 12) to base 11
183769
-112011102 (base 5) to base 6
-14422225
10020123313 (base 4) to base 8
4103367
What is 44204242 (base 5) in base 12?
164b66
What is 332e10 (base 16) in base 7?
40336541
1381495 (base 13) to base 15
81dbd1
Convert 375521 (base 11) to base 13.
179b56
What is 4365710 (base 8) in base 6?
41101212
-22002000020 (base 3) to base 4
-212303100
What is -1b3086 (base 14) in base 10?
-968750
What is 255303 (base 8) in base 5?
10320041
What is 1000152 (base 8) in base 12?
107922
55167216 (base 8) to base 6
1102052022
What is -2051212 (base 6) in base 11?
-6921a
What is 100010001001011110 (base 2) in base 3?
21002212101
Convert -430792 (base 13) to base 3.
-2221212121001
What is -54892 (base 12) in base 13?
-3bbb2
Convert -1122200002 (base 3) to base 9.
-48602
Convert -12221002222 (base 3) to base 11.
-7a76a
What is 3591b9 (base 12) in base 13?
244245
What is 11001100000000000 (base 2) in base 16?
19800
5a9042 (base 12) to base 11
9122a8
What is 10011101100111111011101 (base 2) in base 12?
1891025
Convert -10110101100011001011 (base 2) to base 3.
-1101210001202
Convert 7bb61 (base 13) to base 2.
110111001011110000
What is 74896 (base 11) in base 13?
3a739
-3a1145 (base 11) to base 3
-1012001122202
What is -1144000 (base 6) in base 11?
-41492
Convert -111101100001100100 (base 2) to base 6.
-5222404
Convert 1531111 (base 9) to base 11.
529562
What is 22233300010 (base 4) in base 13?
7782a6
abc18d (base 15) to base 7
126424606
What is 73c8cd (base 14) in base 11?
2234192
What is -1101011010111011011001 (base 2) in base 9?
-6552016
4b8290 (base 12) to base 4
10232022030
Convert -1a3c6 (base 16) to base 5.
-11414322
1211130220 (base 4) to base 14
ab608
Convert -509894